ve o(s).
0
Let v(p) = -p - 2. Let c be (0 - 1)/((-1)/(-2)). Let h be 2 + 4*c/(-4). Determine v(h).
-6
Let i(s) = 2*s**3 + s + 0 - s**3 + 3 - 3*s**2 + 7*s**2. Calculate i(-4).
-1
Let p(d) = 2*d**2 + 3*d - 2. Let x = 1 - 3. Let c be -3 + 2 - (-14)/x. Let h = 5 + c. What is p(h)?
7
Suppose -30 = -5*o + 2*o. Suppose -5*y = -o*y + 20. Let g(n) = y + n + 0*n + 0*n + 2*n. What is g(-5)?
-11
Let i(j) = j + 3. Let k(b) = -b**2 + 12*b - 16. Let p be k(11). What is i(p)?
-2
Suppose -5 = -5*x - 5*z, 3*x = 2*x - 3*z - 9. Let p(q) = q**3 - 7*q**2 + 6*q + 5. Calculate p(x).
5
Let v(j) = -4*j - 3*j**2 + 1 - 4 + 2*j**2 + 2*j**2. Suppose -n = 5*p - 3, 28 = 3*n - 5*p + p. Let u = -3 + n. Calculate v(u).
2
Let f(k) = -6*k**3 - 10*k**2 + k + 5. Let o(x) = -5*x**3 - 9*x**2 + x + 4. Let n(r) = -4*f(r) + 5*o(r). Give n(-5).
-5
Let w = 6 + -3. Let p(b) = -3*b - 1. Let k be p(-1). Let o(q) = -3 + 4 + q**2 + k - 4*q - q. What is o(w)?
-3
Let d(c) = 6*c - 40. Let x(s) = s - 8. Let b(t) = -3*d(t) + 16*x(t). Calculate b(-6).
4
Let i(n) be the third derivative of n**5/60 - n**4/8 + n**3/6 - 4*n**2. Calculate i(4).
5
Suppose 2 = -n - 3. Let t(s) be the first derivative of s**5/20 + s**4/2 + s**3 + 5*s**2/2 + 2*s - 1. Let d(o) be the first derivative of t(o). What is d(n)?
0
Let d(r) be the second derivative of r**4/12 + 2*r**3/3 - 5*r**2/2 - 9*r. Give d(-5).
0
Let y(x) = -3*x**3 - x**2. Let a(l) = l**2 - l - l**2 + 5 + l**2 - 4. Let o be a(0). Determine y(o).
-4
Suppose 0 = -s - 2 - 1. Let h(v) be the second derivative of 5*v**4/24 + v**3/6 + 5*v**2 - 9*v. Let f(m) be the first derivative of h(m). What is f(s)?
-14
Let f(d) = 8*d + 3. Let n(k) = 3*k + 4. Let y be n(-2). Calculate f(y).
-13
Let p(y) = -15*y + 6*y + 20 + 8*y. What is p(9)?
11
Let a be 4/6 + 8/6. Let l(f) = -5 - a*f - 2 - 4 + 6. Determine l(4).
-13
Suppose 0 = -3*c + 5*a + 44, c = -4*a - 8. Suppose 6*o - c = 4. Let d(h) = h**3 - 2*h**2 - 2*h + 1. Give d(o).
-3
Let x(z) = -6*z - 1. Suppose 4*j - 4*a - 16 = 0, 2*j - 6*j - 3*a = 5. Determine x(j).
-7
Let c(v) = -v - 4. Let p(o) = o**2 + o + 5. Let i be p(-5). Suppose 3*z + 5*g = -z - i, 0 = z - g - 5. Calculate c(z).
-4
Let k(o) = o**3 + 6*o**2 + 5*o + 9. Let w be 3 - (-5)/((-15)/(-3)) - 10. Determine k(w).
-21
Let c be (-8)/(-6) + 12/18. Let y(n) = 0*n**c + 6 + 4*n**3 - 5*n**2 - 5*n**3. Determine y(-5).
6
Let o be (1 + -2 - -2)*6. Let j(s) = s**3 - 6*s**2 + 3*s + 1. Calculate j(o).
19
Let p(y) = -y**3 + 4*y**2 - 2*y - 2. Suppose 5*c + 4 = 6*c. Let r be ((-6)/c)/(3/(-4)). Determine p(r).
2
Let h(n) = n. Let c be h(-3). Let r(p) = 20*p + 17. Let w(m) = -7*m - 6. Let y(j) = 4*r(j) + 11*w(j). Calculate y(c).
-7
Let f(m) = m**2 + 5. Let c be f(0). Suppose -i - 28 = -8*i. Suppose -i*h + 1 = c. Let g(a) = 8*a**2 + 1. Calculate g(h).
9
Suppose 0 = -v + 4*v - 9. Suppose -4*r + v*f = 16, -r + f + 0 = 4. Let p(u) = -4*u**2 + 2*u + 5*u**2 + 0*u + 2. Give p(r).
10
Let m(w) be the first derivative of -w**3/3 + 7*w**2/2 + 4*w - 10. Calculate m(6).
10
Let c(h) = -1 + 3*h**2 - 2*h**2 - 5*h + 5. Let p = -27 - -31. Determine c(p).
0
Let z(c) = 4*c - 3. Let k be 18 + -21 - (-1 + 1). What is z(k)?
-15
Let a(t) = t**2 + 7*t + 5. Let x be a(-5). Let c(d) = 5*d**2 + 5*d + 3. Let v(m) = 9*m**2 + 10*m + 7. Let w(l) = 7*c(l) - 4*v(l). Determine w(x).
-7
Let j(u) be the third derivative of -u**5/30 + u**4/8 - u**3/6 - u**2. Let s(q) be the first derivative of j(q). Let n be 204/170*5/2. Give s(n).
-9
Let v = -3 - -1. Let h(y) = y**3 + 3*y**2 - 2*y - 3. Let n be h(v). Let c(a) = n - 4 + a - 5*a**2 - 2. Give c(1).
-5
Let p = -20 + 18. Let o be (4 + (-52)/8)*p. Let g(x) = 2*x - 4. Determine g(o).
6
Let v(x) = -x**3 - 2*x**2 - 1. Let o be -2 + 2 + 0 + -1. Let b be (1 - 1) + -2 + o. Calculate v(b).
8
Let b(a) = -a**3 - 4*a**2 + 4*a + 7. Suppose -3*m = -4*y + 11, -5*m + 2*y - 23 = -0*m. What is b(m)?
12
Suppose 13 = 5*l - 5*n + 3*n, 5 = 5*n. Let g(j) = -2*j**2 + j + 1. Give g(l).
-14
Let g(s) be the second derivative of -s**8/6720 + s**7/2520 - s**6/360 - s**5/120 - s**4/12 + 3*s. Let v(l) be the third derivative of g(l). What is v(2)?
-9
Let c be 5/(-25) - (-11)/5. Let b(i) be the first derivative of i**2 - c - i**2 + 6 + i**2. What is b(-4)?
-8
Let a(j) be the third derivative of j**7/840 - j**6/90 + j**5/60 + j**4/24 - j**3/2 + j**2. Let v(z) be the first derivative of a(z). Give v(2).
-3
Let t(z) be the third derivative of z**5/60 - z**4/4 + z**3 + z**2. Calculate t(5).
1
Let c be -7 + 9/3 + (-10)/(-1). Let o(u) = 3*u - 5. Give o(c).
13
Let r(y) be the first derivative of -y**4/4 - 3*y**3 + 11*y**2/2 + 11*y - 26. What is r(-10)?
1
Suppose 0 = -2*d + 4*d + 4*c - 2, -1 = -2*d - 5*c. Let w(i) = -11*i**3 + i - 1. Let b(f) = 7*f**3 + f**2 - f + 2. Let s(q) = 3*b(q) + 2*w(q). Give s(d).
1
Let v(s) = s**3 - s**2 - s - 1. Let i(q) = -3*q**3 - 4*q**2 - 3*q - 2. Let h(f) = -i(f) + 3*v(f). Let p be 1*1/3*3. What is h(p)?
6
Let m = 15 - 0. Suppose -3*q + 3*y + m = 0, -3*y + 4*y - 1 = -2*q. Let g(s) = -4*s - 1. Give g(q).
-9
Suppose 17 - 57 = -10*o. Let b(g) = -g**2 + 4*g + 2. Calculate b(o).
2
Suppose 9 = 2*x - l - 2*l, 0 = 5*x - 5*l - 25. Let i be (0 + -3)/(x/(-10)). Let t(j) = -j + 6. What is t(i)?
1
Let b(a) = -a. Let v(t) = -t**2 + 2*t + 4. Let y(j) = -3*b(j) + v(j). Determine y(6).
-2
Let a(j) be the first derivative of 7*j**2/2 + j + 3. What is a(1)?
8
Let m(g) be the second derivative of -g**6/360 + g**5/40 + g**4/6 + g**3/6 - g. Let h(z) be the second derivative of m(z). Calculate h(5).
-6
Suppose w - 15 = -11. Let i(z) = -5*z + 1. What is i(w)?
-19
Suppose -k - 4 = 3*k. Let v(d) = 10*d**2 - 2*d + 1. Let c be v(1). Let b(p) = c*p**3 + 5*p**2 - p - 1 - 5*p**2 + p**2. Calculate b(k).
-8
Let q(g) = 21*g - 2*g**2 + 1 - 24*g + g**2. Suppose 2*j = 5*d - 15, 0 = 3*j - 5*d + 20 - 5. Suppose -t + 15 = 3*c + c, 2*t + c + 5 = j. Give q(t).
-9
Let m(s) be the third derivative of -s**2 - 1/3*s**3 + 0*s + 1/8*s**4 + 0. Let b = 7 - 10. Give m(b).
-11
Let o be (-3)/7 + 192/56. Let i(v) = -3 + 2*v + 0*v**2 - v**2 + 0*v. Calculate i(o).
-6
Suppose h = -3 - 3. Let v(m) = m**3 + 21 - 7 + 7*m**2 - 5 + 8*m - 2*m. What is v(h)?
9
Let z be ((-6)/4)/(3/(-20)). Let t be (-1 - 1)*z/4. Let x(y) = -y - 10. Let g(a) = 1. Let c(k) = -4*g(k) - x(k). Calculate c(t).
1
Let t(b) = 2*b**3 + b. Let z(k) = 4*k**3 + k - 1. Let u be z(1). Let w be 3*u/(-6) + 3. Let x be t(w). Let h(c) = c**2 - 5*c + 4. Determine h(x).
-2
Let q(s) = 2*s**2 - s**2 + 9*s - 11 + 11*s**2 + 0 + s**3. Give q(-11).
11
Let g = -5 + 7. Suppose -5*v + g*v - d = -4, 4 = v + 3*d. Let j(r) = -2*r**2 + 1. Give j(v).
-1
Let p(r) = r - 1. Let v(f) = -f**3 - 6*f**2 + 5*f - 4. Let x(u) = 5*p(u) - v(u). Give x(-6).
-1
Suppose q = 3*i - 5, q - 5*q + 10 = 3*i. Let a be (-5)/1*(-4)/20. Let v be i + (3/a - 2). Let u(x) = x**2 - 3*x + 3. Calculate u(v).
3
Suppose 2*j - u - 2*u - 9 = 0, -25 = -4*j - u. Let f(i) = i**3 - 6*i**2 - i - 1. Calculate f(j).
-7
Let w(b) = 2*b. Suppose 0 = 4*i + 4*z - 3*z + 7, 8 = i - 3*z. Give w(i).
-2
Let p(x) be the second derivative of -1/6*x**3 - 2*x + 1/20*x**5 + 0 - 1/12*x**4 - 1/2*x**2. What is p(2)?
1
Let t(a) be the first derivative of a**4/12 + 5*a**3/6 - a**2/2 - 2. Let j(o) be the second derivative of t(o). Determine j(-5).
-5
Let c = -9 + 4. Let g(m) = -3*m. Suppose -31*x = -32*x - 6. Let t(n) = 4*n - 1. Let o(s) = c*t(s) + x*g(s). Determine o(4).
-3
Suppose 1 = 2*b - 5. Let z(r) = -r**2 + 3*r - 2. What is z(b)?
-2
Let w(m) = m**3 - m**2. Let d(p) = 3*p**3 - 4*p**2 - 5*p + 2. Let o(f) = -d(f) + 2*w(f). Let s(x) = x**3 + 3*x**2 + x + 1. Let r be s(-2). What is o(r)?
4
Suppose -2*t - 2 = 5*o, -5*t - 3*o + 14 = -0*o. Let x(w) = -4*w - 2. Calculate x(t).
-18
Let r(w) = w - 13. Let z be r(8). Let n(j) = -3 - 1 + j + 14. Determine n(z).
5
Let u(x) = -7*x + 1. Let b = -9 + 10. What is u(b)?
-6
Let s(r) = 2*r - 4. Let l be (-42)/(-8) - (-1)/(-4). Suppose l*b - 8 - 7 = 0. Suppose -2*g + 14 = -2*t, 0 = -2*g - 0*g - b*t + 4. What is s(g)?
6
Let x(b) = b - 11. Suppose -5 = 4*n - 37. Determine x(n).
-3
Let n(l) = -l + 6. Let r(k) be the first derivative of k**2 - 13*k - 4. Let w(o) = -5*n(o) - 2*r(o). What is w(5)?
1
Let a(d) = 5 + 2*d + 8 - 3 - 8. Give a(4).
10
Let h be -3*(12/(-9))/(-2). Let s be 215/30 + h/12. Let w(m) = 1 - 3 + m + s. Calcula